{"id":830,"date":"2013-02-21T20:49:17","date_gmt":"2013-02-21T20:49:17","guid":{"rendered":"http:\/\/alexandrewack.fr\/?page_id=830"},"modified":"2014-12-22T23:31:33","modified_gmt":"2014-12-22T23:31:33","slug":"projet-comenius-2013","status":"publish","type":"page","link":"http:\/\/alexandrewack.fr\/?page_id=830","title":{"rendered":"Projet Comenius 2013"},"content":{"rendered":"<p>Le nom retenu pour le programme,\u00a0<a id=\"Box\" title=\"Qui \u00e9tait Comenius ? ::Un si\u00e8cle avant les Lumi\u00e8res, Comenius (1592-1670), n\u00e9 sur le territoire de l'actuelle R\u00e9publique tch\u00e8que, \u00e9tait un th\u00e9ologien, un philosophe et un p\u00e9dagogue qui pensait que seule l'\u00e9ducation pouvait permettre \u00e0 l'\u00eatre humain de mettre pleinement en pratique toutes ses possibilit\u00e9s et de mener une vie vraiment harmonieuse. Il a \u00e9t\u00e9 l'un des p\u00e8res fondateurs de l'enseignement moderne. N\u00e9anmoins, pour avoir v\u00e9cu la p\u00e9riode de la Guerre de Trente Ans (1618-1648), Comenius \u00e9tait aussi un cosmopolitain et un universaliste qui a sans cesse lutt\u00e9 en faveur des droits de l'homme, de la paix entre les nations, de la paix sociale et de l'unit\u00e9 de l'humanit\u00e9. \" href=\"http:\/\/www.europe-education-formation.fr\/comenius.php#\">COMENIUS<\/a>\u00a0a pour objet de rappeler le riche h\u00e9ritage europ\u00e9en en mati\u00e8re d&rsquo;\u00e9ducation.<br \/>\nLe programme Comenius permet les \u00e9changes et la coop\u00e9ration entre les \u00e9tablissements scolaires en Europe, de la maternelle au lyc\u00e9e.<br \/>\nL&rsquo;objectif est de favoriser le d\u00e9veloppement personnel et les comp\u00e9tences, notamment linguistiques, tout en d\u00e9veloppant les notions de citoyennet\u00e9 europ\u00e9enne et de multiculturalisme.<\/p>\n<h4>lien\u00a0<a href=\"http:\/\/www.europe-education-formation.fr\/comenius.php\">ici<\/a><\/h4>\n<p>le projet du lyc\u00e9e du chablais et r\u00e9aliser un cadran\u00a0solaire :<\/p>\n<p><a href=\"http:\/\/alexandrewack.fr\/wp-content\/uploads\/2013\/02\/cadrant.jpg\"><img loading=\"lazy\" decoding=\"async\" class=\"size-medium wp-image-831 aligncenter\" src=\"http:\/\/alexandrewack.fr\/wp-content\/uploads\/2013\/02\/cadrant-296x300.jpg\" alt=\"cadran\" width=\"296\" height=\"300\" srcset=\"http:\/\/alexandrewack.fr\/wp-content\/uploads\/2013\/02\/cadrant-296x300.jpg 296w, http:\/\/alexandrewack.fr\/wp-content\/uploads\/2013\/02\/cadrant.jpg 531w\" sizes=\"auto, (max-width: 296px) 100vw, 296px\" \/><\/a><\/p>\n<p>l&rsquo;id\u00e9e dessin\u00e9 par le professeur d&rsquo;Art\u00a0plastique\u00a0du Lyc\u00e9e du chablais :<\/p>\n<p><a href=\"http:\/\/alexandrewack.fr\/wp-content\/uploads\/2013\/02\/1361469613906.jpg\"><img loading=\"lazy\" decoding=\"async\" class=\"size-medium wp-image-832 aligncenter\" src=\"http:\/\/alexandrewack.fr\/wp-content\/uploads\/2013\/02\/1361469613906-300x300.jpg\" alt=\"l'id\u00e9e\" width=\"300\" height=\"300\" srcset=\"http:\/\/alexandrewack.fr\/wp-content\/uploads\/2013\/02\/1361469613906-300x300.jpg 300w, http:\/\/alexandrewack.fr\/wp-content\/uploads\/2013\/02\/1361469613906-290x290.jpg 290w, http:\/\/alexandrewack.fr\/wp-content\/uploads\/2013\/02\/1361469613906-1024x1024.jpg 1024w, http:\/\/alexandrewack.fr\/wp-content\/uploads\/2013\/02\/1361469613906.jpg 1764w\" sizes=\"auto, (max-width: 300px) 100vw, 300px\" \/><\/a><\/p>\n<p>&nbsp;<\/p>\n<p>les premiers coup de marteau :<\/p>\n<p>&nbsp;<\/p>\n<p><a href=\"http:\/\/alexandrewack.fr\/wp-content\/uploads\/2013\/02\/IMAG0266.jpg\"><img loading=\"lazy\" decoding=\"async\" class=\"size-medium wp-image-833 aligncenter\" src=\"http:\/\/alexandrewack.fr\/wp-content\/uploads\/2013\/02\/IMAG0266-179x300.jpg\" alt=\"IMAG0266\" width=\"179\" height=\"300\" srcset=\"http:\/\/alexandrewack.fr\/wp-content\/uploads\/2013\/02\/IMAG0266-179x300.jpg 179w, http:\/\/alexandrewack.fr\/wp-content\/uploads\/2013\/02\/IMAG0266-612x1024.jpg 612w, http:\/\/alexandrewack.fr\/wp-content\/uploads\/2013\/02\/IMAG0266.jpg 1952w\" sizes=\"auto, (max-width: 179px) 100vw, 179px\" \/><\/a><\/p>\n<p><a href=\"http:\/\/alexandrewack.fr\/wp-content\/uploads\/2013\/02\/IMAG0267.jpg\"><img loading=\"lazy\" decoding=\"async\" class=\"size-medium wp-image-834 alignleft\" src=\"http:\/\/alexandrewack.fr\/wp-content\/uploads\/2013\/02\/IMAG0267-300x179.jpg\" alt=\"IMAG0267\" width=\"300\" height=\"179\" srcset=\"http:\/\/alexandrewack.fr\/wp-content\/uploads\/2013\/02\/IMAG0267-300x179.jpg 300w, http:\/\/alexandrewack.fr\/wp-content\/uploads\/2013\/02\/IMAG0267-1024x612.jpg 1024w\" sizes=\"auto, (max-width: 300px) 100vw, 300px\" \/><\/a><\/p>\n<p>&nbsp;<\/p>\n<p>&nbsp;<\/p>\n<p>&nbsp;<\/p>\n<p>&nbsp;<\/p>\n<p>&nbsp;<\/p>\n<p>&nbsp;<\/p>\n<h3><span style=\"text-decoration: underline;\">Le R\u00e9sultat:<\/span><\/h3>\n<p><a href=\"http:\/\/alexandrewack.fr\/wp-content\/uploads\/2013\/02\/le-cadran-soleil.jpg\"><img loading=\"lazy\" decoding=\"async\" class=\"alignnone  wp-image-839\" src=\"http:\/\/alexandrewack.fr\/wp-content\/uploads\/2013\/02\/le-cadran-soleil-612x1024.jpg\" alt=\"le cadran soleil\" width=\"490\" height=\"819\" srcset=\"http:\/\/alexandrewack.fr\/wp-content\/uploads\/2013\/02\/le-cadran-soleil-612x1024.jpg 612w, http:\/\/alexandrewack.fr\/wp-content\/uploads\/2013\/02\/le-cadran-soleil-179x300.jpg 179w, http:\/\/alexandrewack.fr\/wp-content\/uploads\/2013\/02\/le-cadran-soleil.jpg 1945w\" sizes=\"auto, (max-width: 490px) 100vw, 490px\" \/><\/a><\/p>\n<p>&nbsp;<\/p>\n","protected":false},"excerpt":{"rendered":"<p>Le nom retenu pour le programme,\u00a0COMENIUS\u00a0a pour objet de rappeler le riche h\u00e9ritage europ\u00e9en en mati\u00e8re d&rsquo;\u00e9ducation. Le programme Comenius permet les \u00e9changes et la coop\u00e9ration entre les \u00e9tablissements scolaires en Europe, de la maternelle au lyc\u00e9e. L&rsquo;objectif est de favoriser le d\u00e9veloppement personnel et les comp\u00e9tences, notamment linguistiques, tout en d\u00e9veloppant les notions de [&hellip;]<\/p>\n","protected":false},"author":1,"featured_media":0,"parent":118,"menu_order":15,"comment_status":"open","ping_status":"open","template":"","meta":{"footnotes":""},"class_list":["post-830","page","type-page","status-publish","hentry"],"_links":{"self":[{"href":"http:\/\/alexandrewack.fr\/index.php?rest_route=\/wp\/v2\/pages\/830","targetHints":{"allow":["GET"]}}],"collection":[{"href":"http:\/\/alexandrewack.fr\/index.php?rest_route=\/wp\/v2\/pages"}],"about":[{"href":"http:\/\/alexandrewack.fr\/index.php?rest_route=\/wp\/v2\/types\/page"}],"author":[{"embeddable":true,"href":"http:\/\/alexandrewack.fr\/index.php?rest_route=\/wp\/v2\/users\/1"}],"replies":[{"embeddable":true,"href":"http:\/\/alexandrewack.fr\/index.php?rest_route=%2Fwp%2Fv2%2Fcomments&post=830"}],"version-history":[{"count":7,"href":"http:\/\/alexandrewack.fr\/index.php?rest_route=\/wp\/v2\/pages\/830\/revisions"}],"predecessor-version":[{"id":1244,"href":"http:\/\/alexandrewack.fr\/index.php?rest_route=\/wp\/v2\/pages\/830\/revisions\/1244"}],"up":[{"embeddable":true,"href":"http:\/\/alexandrewack.fr\/index.php?rest_route=\/wp\/v2\/pages\/118"}],"wp:attachment":[{"href":"http:\/\/alexandrewack.fr\/index.php?rest_route=%2Fwp%2Fv2%2Fmedia&parent=830"}],"curies":[{"name":"wp","href":"https:\/\/api.w.org\/{rel}","templated":true}]}}