{"id":418,"date":"2012-05-22T09:55:28","date_gmt":"2012-05-22T09:55:28","guid":{"rendered":"http:\/\/alexandrewack.fr\/?page_id=418"},"modified":"2015-10-05T10:09:19","modified_gmt":"2015-10-05T10:09:19","slug":"le-tracage-gd","status":"publish","type":"page","link":"http:\/\/alexandrewack.fr\/?page_id=418","title":{"rendered":"LE TRA\u00c7AGE \u00ab\u00a0GD\u00a0\u00bb"},"content":{"rendered":"<h2>les liens qui gagne du temps :<\/h2>\n<p>le site de\u00a0<strong><span style=\"color: #000000;\"><span style=\"font-size: xx-small;\">SPERANZA Roger professeur GISM\u00a0<\/span><\/span><span style=\"color: #000000;\"><span style=\"font-size: xx-small;\">en retraite<\/span><\/span><\/strong><\/p>\n<p><span style=\"color: #ff6666; font-size: xx-small;\"><span style=\"text-decoration: underline;\"><span style=\"color: #000000;\"><span style=\"font-size: xx-small;\">Ces cours ont pour but de travailler individuellement et n\u00e9cessitent l&rsquo;usage de documents papier ou \u00e9ventuellement informatique afin d&rsquo;ex\u00e9cuter manuellement, aux instruments, les trac\u00e9s adapt\u00e9s.<\/span><\/span>\u00a0<\/span>\u00a0 \u00a0 \u00a0\u00a0<\/span><\/p>\n<p style=\"text-align: center;\"><strong style=\"text-align: center;\"><a title=\"le tra\u00e7age\" href=\"http:\/\/roger.speranza.free.fr\/\" target=\"_blank\">SPERANZA<\/a><\/strong><\/p>\n<p style=\"text-align: center;\"><a href=\"http:\/\/alexandrewack.fr\/wp-content\/uploads\/2012\/05\/tra\u00e7age.png\"><img loading=\"lazy\" decoding=\"async\" class=\"aligncenter size-medium wp-image-421\" title=\"tra\u00e7age\" src=\"http:\/\/alexandrewack.fr\/wp-content\/uploads\/2012\/05\/tra\u00e7age-300x265.png\" alt=\"\" width=\"300\" height=\"265\" srcset=\"http:\/\/alexandrewack.fr\/wp-content\/uploads\/2012\/05\/tra\u00e7age-300x265.png 300w, http:\/\/alexandrewack.fr\/wp-content\/uploads\/2012\/05\/tra\u00e7age.png 457w\" sizes=\"auto, (max-width: 300px) 100vw, 300px\" \/><\/a><\/p>\n","protected":false},"excerpt":{"rendered":"<p>les liens qui gagne du temps : le site de\u00a0SPERANZA Roger professeur GISM\u00a0en retraite Ces cours ont pour but de travailler individuellement et n\u00e9cessitent l&rsquo;usage de documents papier ou \u00e9ventuellement informatique afin d&rsquo;ex\u00e9cuter manuellement, aux instruments, les trac\u00e9s adapt\u00e9s.\u00a0\u00a0 \u00a0 \u00a0\u00a0 SPERANZA<\/p>\n","protected":false},"author":1,"featured_media":0,"parent":75,"menu_order":8,"comment_status":"open","ping_status":"open","template":"","meta":{"footnotes":""},"class_list":["post-418","page","type-page","status-publish","hentry"],"_links":{"self":[{"href":"http:\/\/alexandrewack.fr\/index.php?rest_route=\/wp\/v2\/pages\/418","targetHints":{"allow":["GET"]}}],"collection":[{"href":"http:\/\/alexandrewack.fr\/index.php?rest_route=\/wp\/v2\/pages"}],"about":[{"href":"http:\/\/alexandrewack.fr\/index.php?rest_route=\/wp\/v2\/types\/page"}],"author":[{"embeddable":true,"href":"http:\/\/alexandrewack.fr\/index.php?rest_route=\/wp\/v2\/users\/1"}],"replies":[{"embeddable":true,"href":"http:\/\/alexandrewack.fr\/index.php?rest_route=%2Fwp%2Fv2%2Fcomments&post=418"}],"version-history":[{"count":5,"href":"http:\/\/alexandrewack.fr\/index.php?rest_route=\/wp\/v2\/pages\/418\/revisions"}],"predecessor-version":[{"id":1512,"href":"http:\/\/alexandrewack.fr\/index.php?rest_route=\/wp\/v2\/pages\/418\/revisions\/1512"}],"up":[{"embeddable":true,"href":"http:\/\/alexandrewack.fr\/index.php?rest_route=\/wp\/v2\/pages\/75"}],"wp:attachment":[{"href":"http:\/\/alexandrewack.fr\/index.php?rest_route=%2Fwp%2Fv2%2Fmedia&parent=418"}],"curies":[{"name":"wp","href":"https:\/\/api.w.org\/{rel}","templated":true}]}}