{"id":2544,"date":"2020-10-09T15:20:29","date_gmt":"2020-10-09T15:20:29","guid":{"rendered":"http:\/\/alexandrewack.fr\/?page_id=2544"},"modified":"2020-10-09T15:53:29","modified_gmt":"2020-10-09T15:53:29","slug":"calcul-de-barreaudage","status":"publish","type":"page","link":"http:\/\/alexandrewack.fr\/?page_id=2544","title":{"rendered":"Calcul de barreaudage"},"content":{"rendered":"\n<p style=\"text-align:center\" class=\"has-text-color has-background has-very-dark-gray-color has-very-light-gray-background-color\"><strong>D\u00e9finition:<\/strong> <br>Le calcul du barreaudage consiste \u00e0 d\u00e9terminer l\u2019intervalle entre les barreaux pour la r\u00e9alisation de l\u2019ouvrage. <\/p>\n\n\n\n<p class=\"has-medium-font-size\"><strong>La r\u00e8glementation \u00e0 conna\u00eetre pour un garde-corps: <\/strong><\/p>\n\n\n\n<p class=\"has-text-color has-very-dark-gray-color\">Il existe diff\u00e9rents types de garde-corps. Sa fonction est d\u2019emp\u00eacher une chute des personnes et sa mise en place est tr\u00e8s r\u00e9glement\u00e9e. <br>Des tests sont r\u00e9alis\u00e9s au test du sac de sable projet\u00e9 contre le garde-corps pour tester sa rigidit\u00e9. C\u2019est pour cela que le nombre de mod\u00e8le est limit\u00e9 (mais si le choix s\u2019agrandit) car il faut r\u00e9aliser ce test co\u00fbteux au CEBTP pour chaque mod\u00e8le avec ou sans lisses.<br><\/p>\n\n\n\n<figure class=\"wp-block-embed-youtube aligncenter wp-block-embed is-type-video is-provider-youtube wp-embed-aspect-16-9 wp-has-aspect-ratio\"><div class=\"wp-block-embed__wrapper\">\n<iframe loading=\"lazy\" title=\"Essai Au Sac Garde-Corps en Verre\" width=\"690\" height=\"388\" src=\"https:\/\/www.youtube.com\/embed\/hG6DOiYj9ME?feature=oembed\" frameborder=\"0\" allow=\"accelerometer; autoplay; clipboard-write; encrypted-media; gyroscope; picture-in-picture\" allowfullscreen><\/iframe>\n<\/div><\/figure>\n\n\n\n<p><strong>Les dimensions du garde corps selon norme NF P01-012<\/strong><br>Pour garantir la s\u00e9curit\u00e9 des habitants le garde-corps doit avoir une hauteur minimale de 1 m ( 1000 mm ).<br><br><strong>Les principaux vides autoris\u00e9s:<\/strong><br>&#8211; le vide sous la lisse basse doit \u00eatre inf\u00e9rieur a 110 mm<br>&#8212; S\u2019il est compos\u00e9s de barreaux verticaux, l\u2019espace entre barreaux ne doit pas d\u00e9passer 11 cm (110 mm) maximum pour qu\u2019un enfant ne se place pas entre ces barreaux.<br>&#8211; De 0 a 450 mm seul les vides horizontaux inf\u00e9rieurs \u00e0 110 mm sons autoris\u00e9 entre barreaux verticaux.<\/p>\n\n\n\n<figure class=\"wp-block-image is-resized\"><img loading=\"lazy\" decoding=\"async\" src=\"http:\/\/alexandrewack.fr\/wp-content\/uploads\/2020\/10\/Capture-d\u2019e\u0301cran-2020-10-09-a\u0300-17.06.02.png\" alt=\"\" class=\"wp-image-2545\" width=\"330\" height=\"332\" srcset=\"http:\/\/alexandrewack.fr\/wp-content\/uploads\/2020\/10\/Capture-d\u2019e\u0301cran-2020-10-09-a\u0300-17.06.02.png 770w, http:\/\/alexandrewack.fr\/wp-content\/uploads\/2020\/10\/Capture-d\u2019e\u0301cran-2020-10-09-a\u0300-17.06.02-298x300.png 298w, http:\/\/alexandrewack.fr\/wp-content\/uploads\/2020\/10\/Capture-d\u2019e\u0301cran-2020-10-09-a\u0300-17.06.02-768x774.png 768w\" sizes=\"auto, (max-width: 330px) 100vw, 330px\" \/><\/figure>\n\n\n\n<p>De 450 \u00e0 1000 mm les vides verticaux doivent \u00eatre inf\u00e9rieur \u00e0 180 mm. Seul les rampants autorisent les lissent parall\u00e8le \u00e0 la main courante en partie basse. <\/p>\n\n\n\n<figure class=\"wp-block-image is-resized\"><img loading=\"lazy\" decoding=\"async\" src=\"http:\/\/alexandrewack.fr\/wp-content\/uploads\/2020\/10\/Capture-d\u2019e\u0301cran-2020-10-09-a\u0300-17.19.46.png\" alt=\"\" class=\"wp-image-2547\" width=\"348\" height=\"368\" srcset=\"http:\/\/alexandrewack.fr\/wp-content\/uploads\/2020\/10\/Capture-d\u2019e\u0301cran-2020-10-09-a\u0300-17.19.46.png 698w, http:\/\/alexandrewack.fr\/wp-content\/uploads\/2020\/10\/Capture-d\u2019e\u0301cran-2020-10-09-a\u0300-17.19.46-284x300.png 284w\" sizes=\"auto, (max-width: 348px) 100vw, 348px\" \/><\/figure>\n\n\n\n<div class=\"wp-block-file aligncenter\"><a href=\"http:\/\/alexandrewack.fr\/wp-content\/uploads\/2020\/10\/reglementation.pdf\">R\u00e9glementation: ici extrait de la norme NFP 01-012 juillet 88<\/a><a href=\"http:\/\/alexandrewack.fr\/wp-content\/uploads\/2020\/10\/reglementation.pdf\" class=\"wp-block-file__button\" download>T\u00e9l\u00e9charger<\/a><\/div>\n\n\n\n<h3 class=\"wp-block-heading\">Les calculs : <\/h3>\n\n\n\n<p>Le calcul de&nbsp;<strong>barreaudage<\/strong>&nbsp;permet de d\u00e9terminer un espace entre barreaux identique sur toute la longueur d&rsquo;un ouvrage.<br>&#8211; Pour une question d&rsquo;esth\u00e9tique il est tr\u00e8s important d&rsquo;avoir cette r\u00e9gularit\u00e9 dans la position des barreaux. il est  important de respecter les normes si cet ouvrage prot\u00e8ge les personnes et les enfants d&rsquo;une chute.  <br>ici vous trouverez un cours bien r\u00e9alis\u00e9 pour vous guider dans les calculs :<br><\/p>\n\n\n\n<p style=\"text-align:center\"><a href=\"http:\/\/www.structures-metalliques.com\/Pratique_Calcul_de_barreaudage_Technologie.html\" target=\"_blank\" rel=\"noreferrer noopener\" aria-label=\"http:\/\/www.structures-metalliques.com\/Pratique_Calcul_de_barreaudage_Technologie.html (s\u2019ouvre dans un nouvel onglet)\">http:\/\/www.structures-metalliques.com\/Pratique_Calcul_de_barreaudage_Technologie.html<\/a><\/p>\n\n\n\n<div class=\"wp-block-image\"><figure class=\"aligncenter is-resized\"><img loading=\"lazy\" decoding=\"async\" src=\"http:\/\/alexandrewack.fr\/wp-content\/uploads\/2020\/10\/Capture-d\u2019e\u0301cran-2020-10-09-a\u0300-17.42.16.png\" alt=\"\" class=\"wp-image-2553\" width=\"161\" height=\"158\" srcset=\"http:\/\/alexandrewack.fr\/wp-content\/uploads\/2020\/10\/Capture-d\u2019e\u0301cran-2020-10-09-a\u0300-17.42.16.png 420w, http:\/\/alexandrewack.fr\/wp-content\/uploads\/2020\/10\/Capture-d\u2019e\u0301cran-2020-10-09-a\u0300-17.42.16-300x294.png 300w\" sizes=\"auto, (max-width: 161px) 100vw, 161px\" \/><\/figure><\/div>\n\n\n\n<figure class=\"wp-block-embed-youtube aligncenter wp-block-embed is-type-video is-provider-youtube wp-embed-aspect-16-9 wp-has-aspect-ratio\"><div class=\"wp-block-embed__wrapper\">\n<iframe loading=\"lazy\" title=\"Espace entre barreaux. Calcul de barreaudage pour la fabrication de d\u00e9fense de fen\u00eatre garde-corps.\" width=\"690\" height=\"388\" src=\"https:\/\/www.youtube.com\/embed\/ca4_a6lfPoc?feature=oembed\" frameborder=\"0\" allow=\"accelerometer; autoplay; clipboard-write; encrypted-media; gyroscope; picture-in-picture\" allowfullscreen><\/iframe>\n<\/div><\/figure>\n\n\n\n<p><\/p>\n","protected":false},"excerpt":{"rendered":"<p>D\u00e9finition: Le calcul du barreaudage consiste \u00e0 d\u00e9terminer l\u2019intervalle entre les barreaux pour la r\u00e9alisation de l\u2019ouvrage. La r\u00e8glementation \u00e0 conna\u00eetre pour un garde-corps: Il existe diff\u00e9rents types de garde-corps. Sa fonction est d\u2019emp\u00eacher une chute des personnes et sa mise en place est tr\u00e8s r\u00e9glement\u00e9e. Des tests sont r\u00e9alis\u00e9s au test du sac de [&hellip;]<\/p>\n","protected":false},"author":1,"featured_media":0,"parent":2216,"menu_order":3,"comment_status":"closed","ping_status":"closed","template":"","meta":{"footnotes":""},"class_list":["post-2544","page","type-page","status-publish","hentry"],"_links":{"self":[{"href":"http:\/\/alexandrewack.fr\/index.php?rest_route=\/wp\/v2\/pages\/2544","targetHints":{"allow":["GET"]}}],"collection":[{"href":"http:\/\/alexandrewack.fr\/index.php?rest_route=\/wp\/v2\/pages"}],"about":[{"href":"http:\/\/alexandrewack.fr\/index.php?rest_route=\/wp\/v2\/types\/page"}],"author":[{"embeddable":true,"href":"http:\/\/alexandrewack.fr\/index.php?rest_route=\/wp\/v2\/users\/1"}],"replies":[{"embeddable":true,"href":"http:\/\/alexandrewack.fr\/index.php?rest_route=%2Fwp%2Fv2%2Fcomments&post=2544"}],"version-history":[{"count":11,"href":"http:\/\/alexandrewack.fr\/index.php?rest_route=\/wp\/v2\/pages\/2544\/revisions"}],"predecessor-version":[{"id":2560,"href":"http:\/\/alexandrewack.fr\/index.php?rest_route=\/wp\/v2\/pages\/2544\/revisions\/2560"}],"up":[{"embeddable":true,"href":"http:\/\/alexandrewack.fr\/index.php?rest_route=\/wp\/v2\/pages\/2216"}],"wp:attachment":[{"href":"http:\/\/alexandrewack.fr\/index.php?rest_route=%2Fwp%2Fv2%2Fmedia&parent=2544"}],"curies":[{"name":"wp","href":"https:\/\/api.w.org\/{rel}","templated":true}]}}