{"id":2119,"date":"2020-03-26T11:03:03","date_gmt":"2020-03-26T11:03:03","guid":{"rendered":"http:\/\/alexandrewack.fr\/?page_id=2119"},"modified":"2020-04-10T12:43:41","modified_gmt":"2020-04-10T12:43:41","slug":"mise-en-tole-economique","status":"publish","type":"page","link":"http:\/\/alexandrewack.fr\/?page_id=2119","title":{"rendered":"Mise en t\u00f4le \u00e9conomique."},"content":{"rendered":"\n<p class=\"has-text-color has-medium-font-size has-very-dark-gray-color\">S2.2: LES CONVENTIONS ET NORMES D\u2019EXPRESSIONS.<br>C2.4: Etablir la feuille de d\u00e9bit d\u2019un ouvrage ou partie d\u2019ouvrage.<br>C2.4.6: R\u00e9aliser la mise en t\u00f4le.<\/p>\n\n\n\n<iframe loading=\"lazy\" width=\"560\" height=\"315\" src=\"https:\/\/www.youtube.com\/embed\/k6t_0LmVbOQ\" frameborder=\"0\" allow=\"accelerometer; autoplay; encrypted-media; gyroscope; picture-in-picture\" allowfullscreen=\"\"><\/iframe>\n\n\n\n<p class=\"has-text-color has-background has-medium-font-size has-very-dark-gray-color has-very-light-gray-background-color\"><strong>1-) OBJECTIF:<\/strong><br> <\/p>\n\n\n\n<p class=\"has-medium-font-size\">a) C&rsquo;est d&rsquo;obtenir dans un format de t\u00f4le le maximum de pi\u00e8ce selon leurs orientation,  en utilisant le cas \u00e9ch\u00e9ant les chutes. <\/p>\n\n\n\n<p class=\"has-medium-font-size\">b) Calculer la surface de chute utilisable restante si le nombre de pi\u00e8ces est faible dans la t\u00f4le. <\/p>\n\n\n\n<p><\/p>\n\n\n\n<p class=\"has-text-color has-background has-medium-font-size has-very-dark-gray-color has-very-light-gray-background-color\"><br><strong> 2-) PRINCIPE DE CALCUL DE D\u00c9BIT :<\/strong><br>              <strong>  <\/strong><\/p>\n\n\n\n<h2 class=\"wp-block-heading\"><strong>a) Param\u00e8tres \u00e0 prendre en compte:<\/strong><\/h2>\n\n\n\n<p class=\"has-text-color has-medium-font-size has-very-dark-gray-color\"> \u2022 La zone d&rsquo;affranchissement. (3 fois l&rsquo;\u00e9paisseur de t\u00f4le)<br> \u2022 La zone de s\u00e9curit\u00e9 machine. (en fonction de la machine),  la repr\u00e9senter sur la t\u00f4le.<br> \u2022 Le nombre de pi\u00e8ce ou flan capable. <\/p>\n\n\n\n<h2 class=\"wp-block-heading\"> <strong>b) M\u00e9thodologie :<\/strong><\/h2>\n\n\n\n<p class=\"has-text-color has-background has-large-font-size has-very-dark-gray-color has-cyan-bluish-gray-background-color\"><strong> 1er Cas :<\/strong><\/p>\n\n\n\n<p><br> R\u00e9aliser une coupe d\u2019affranchissement dans le sens de la longueur de la t\u00f4le. R\u00e9partir la largeur de la pi\u00e8ce dans le sens de la largeur de la t\u00f4le. R\u00e9aliser une coupe d\u2019affranchissement dans le sens de la largeur de la t\u00f4le. R\u00e9partir la longueur de la pi\u00e8ce dans le sens de la longueur de la t\u00f4le.<\/p>\n\n\n\n<h2 class=\"wp-block-heading\">c) Repr\u00e9sentations :<\/h2>\n\n\n\n<p class=\"has-text-color has-medium-font-size has-very-dark-gray-color\"> D\u00e9signation: T\u00f4le \u00e9paisseur 2 mm ( 20\/10 ) Mati\u00e8re: S 235<br> Nombre de pi\u00e8ce a couper : 50<br> Dimension : 470&#215;220<\/p>\n\n\n\n<div class=\"wp-block-image\"><figure class=\"alignleft\"><img loading=\"lazy\" decoding=\"async\" width=\"305\" height=\"183\" src=\"http:\/\/alexandrewack.fr\/wp-content\/uploads\/2020\/03\/cas-n\u00b01.jpg\" alt=\"\" class=\"wp-image-2133\" srcset=\"http:\/\/alexandrewack.fr\/wp-content\/uploads\/2020\/03\/cas-n\u00b01.jpg 305w, http:\/\/alexandrewack.fr\/wp-content\/uploads\/2020\/03\/cas-n\u00b01-300x180.jpg 300w\" sizes=\"auto, (max-width: 305px) 100vw, 305px\" \/><\/figure><\/div>\n\n\n\n<p class=\"has-medium-font-size\">\n\nDimension \u00e0 l\u2019\u00e9chelle 1\/10 :<br> 470\/10 = 47 mm<br> 220\/10 = 22 mm\n\n<\/p>\n\n\n\n<figure class=\"wp-block-image is-resized\"><img loading=\"lazy\" decoding=\"async\" src=\"http:\/\/alexandrewack.fr\/wp-content\/uploads\/2020\/03\/cas-n\u00b01-t\u00f4le-1024x538.jpg\" alt=\"\" class=\"wp-image-2135\" width=\"871\" height=\"457\" srcset=\"http:\/\/alexandrewack.fr\/wp-content\/uploads\/2020\/03\/cas-n\u00b01-t\u00f4le-1024x538.jpg 1024w, http:\/\/alexandrewack.fr\/wp-content\/uploads\/2020\/03\/cas-n\u00b01-t\u00f4le-300x158.jpg 300w, http:\/\/alexandrewack.fr\/wp-content\/uploads\/2020\/03\/cas-n\u00b01-t\u00f4le-768x403.jpg 768w, http:\/\/alexandrewack.fr\/wp-content\/uploads\/2020\/03\/cas-n\u00b01-t\u00f4le.jpg 1034w\" sizes=\"auto, (max-width: 871px) 100vw, 871px\" \/><\/figure>\n\n\n\n<p class=\"has-medium-font-size\">2- <strong>M\u00e9thode par calcul :<\/strong><br><br> (Longueur de la t\u00f4le \u2013 L&rsquo;affranchissement) \/Longueur de la pi\u00e8ce= Nombre de bandes.<br><br> (2000 &#8211; (1,5&#215;3)) \/ 470 = 4,2 soit 4 bandes<br><br> <strong>Calcul de la chute:<\/strong> Longueur pi\u00e8ce X Nombre de bandes.<br> <strong>Calcul de la chute:<\/strong> 470 X4 = 1880 mm Soit 1995 -1880 = 115 mm<br> <\/p>\n\n\n\n<p class=\"has-medium-font-size\">(Largueur de la t\u00f4le \u2013 L&rsquo;affranchissement) \/ Largeur de la pi\u00e8ce= Nombre de bandes.<br><br> (1000 \u2013 (1,5&#215;3)) \/ 220 = 4,5 soit 4 bandes.<br><br><strong> Calcul de la chute<\/strong>: Largeur pi\u00e8ce X Nombre de bandes.<br> <strong>Calcul de la chute:<\/strong> 220 X4 = 880 mm Soit 995 -880 = 115 mm<br> <\/p>\n\n\n\n<p class=\"has-medium-font-size\"><strong>Calcul du nombre de pi\u00e8ce dans la t\u00f4le<\/strong>: <strong>Nb de bandes X Nb de bandes = Nombre de pi\u00e8ces<\/strong><br><br> 4 X 4 = 16 pi\u00e8ces<br> <\/p>\n\n\n\n<p class=\"has-medium-font-size\"><strong>Calcul du nombre de t\u00f4le: (Nombre total de pi\u00e8ce \/ nombre de pi\u00e8ce par t\u00f4le)<\/strong><br><br> 50\/16 = 3,12 Soit 3 X16= 48 Pi\u00e8ces donc il faut une 4\u00e8me t\u00f4le o\u00f9 il y aura 2 pi\u00e8ces.<br><\/p>\n\n\n\n<p class=\"has-text-color has-background has-large-font-size has-very-dark-gray-color has-cyan-bluish-gray-background-color\"><strong>2 \u00e8me Cas :<\/strong><\/p>\n\n\n\n<p class=\"has-medium-font-size\">R\u00e9aliser une coupe d\u2019affranchissement dans le sens de la longueur de la t\u00f4le.<br>R\u00e9partir la longueur de la pi\u00e8ce dans le sens de la largeur de la t\u00f4le.<br>R\u00e9aliser une coupe d\u2019affranchissement dans le sens de la largeur de la t\u00f4le.<br>R\u00e9partir la largeur de la pi\u00e8ce dans le sens de la longueur de la t\u00f4le.<\/p>\n\n\n\n<h2 class=\"wp-block-heading\"><strong>d) Repr\u00e9sentations :<\/strong><\/h2>\n\n\n\n<div class=\"wp-block-image\"><figure class=\"alignleft\"><img loading=\"lazy\" decoding=\"async\" width=\"217\" height=\"318\" src=\"http:\/\/alexandrewack.fr\/wp-content\/uploads\/2020\/03\/Cas-n\u00b02-1.jpg\" alt=\"\" class=\"wp-image-2146\" srcset=\"http:\/\/alexandrewack.fr\/wp-content\/uploads\/2020\/03\/Cas-n\u00b02-1.jpg 217w, http:\/\/alexandrewack.fr\/wp-content\/uploads\/2020\/03\/Cas-n\u00b02-1-205x300.jpg 205w\" sizes=\"auto, (max-width: 217px) 100vw, 217px\" \/><\/figure><\/div>\n\n\n\n<figure class=\"wp-block-image is-resized\"><img loading=\"lazy\" decoding=\"async\" src=\"http:\/\/alexandrewack.fr\/wp-content\/uploads\/2020\/03\/cas-n\u00b02-t\u00f4le-1-1024x631.jpg\" alt=\"\" class=\"wp-image-2147\" width=\"851\" height=\"524\" srcset=\"http:\/\/alexandrewack.fr\/wp-content\/uploads\/2020\/03\/cas-n\u00b02-t\u00f4le-1-1024x631.jpg 1024w, http:\/\/alexandrewack.fr\/wp-content\/uploads\/2020\/03\/cas-n\u00b02-t\u00f4le-1-300x185.jpg 300w, http:\/\/alexandrewack.fr\/wp-content\/uploads\/2020\/03\/cas-n\u00b02-t\u00f4le-1-768x473.jpg 768w, http:\/\/alexandrewack.fr\/wp-content\/uploads\/2020\/03\/cas-n\u00b02-t\u00f4le-1.jpg 1035w\" sizes=\"auto, (max-width: 851px) 100vw, 851px\" \/><\/figure>\n\n\n\n<p class=\"has-medium-font-size\"> <br> D\u00e9signation: T\u00f4le \u00e9paisseur 2 mm( 20\/10) <br> Mati\u00e8re: S 235<br> Nombre de pi\u00e8ce: 50<br> Dimension : 470&#215;220 <\/p>\n\n\n\n<p class=\"has-medium-font-size\"> 2. <strong>M\u00e9thode par calcul :<\/strong> <br> (Longueur de la t\u00f4le \u2013 L&rsquo;affranchissement) \/Largeur de la pi\u00e8ce= Nombre de  bandes.<br><br> (2000 &#8211; (1,5&#215;3)) \/ 220 = 9,07 soit 9 bandes<br><br> <strong>Calcul de la chute: Largeur pi\u00e8ce X Nombre de bandes.<\/strong><br> Calcul de la chute: 220 X 9 = 1980 mm Soit 1995 -1980 = 15 mm.<br> (Largueur de la t\u00f4le \u2013 L&rsquo;affranchissement) \/ Longueur de la pi\u00e8ce= Nombre de<br> bandes.<br> (1000 \u2013 (1,5&#215;3)) \/ 470 = 2,11 soit 2 bandes<br> <br><strong>Calcul de la chute: Longueur pi\u00e8ce X Nombre de bandes.<\/strong><br>Calcul de la chute: 470 X2 = 940 mm Soit 995 -940 = 55 mm<\/p>\n\n\n\n<p class=\"has-medium-font-size\"><strong>Calcul du nombre de pi\u00e8ce dans la t\u00f4le: <\/strong><\/p>\n\n\n\n<p style=\"text-align:left\" class=\"has-medium-font-size\">Nb de bandes <strong>X <\/strong>Nb de bandes = Nombre de pi\u00e8ces<br> 9 X 2 = 18 pi\u00e8ces<br> <br><strong>Calcul du nombre de t\u00f4le: (Nombre total de pi\u00e8ce \/ nombre de pi\u00e8ce par t\u00f4le)<\/strong><br> 50\/18 = 2,77 Soit 2 X18= 36 Pi\u00e8ces <br>Donc il faut une 3\u00e8me t\u00f4le o\u00f9 il y aura 14<\/p>\n\n\n\n<p class=\"has-medium-font-size\"><strong>Calcul de la chute: Longueur pi\u00e8ce X Nombre de bandes.<\/strong><br>Calcul de la chute: 470 X 2 = 940 mm <br>Soit 995 -940 = 55 mm<br><br><strong>Calcul du nombre de pi\u00e8ce dans la t\u00f4le: Nb de bandes X Nb de bandes = Nombre de pi\u00e8ces<\/strong><br> <br>9 X 2 = 18 pi\u00e8ces<br> <br><strong>Calcul du nombre de t\u00f4le: (Nombre total de pi\u00e8ce \/ nombre de pi\u00e8ce par t\u00f4le)<\/strong><br> 50\/18 = 2,77 Soit 2 X18= 36 Pi\u00e8ces <br>Donc il faut une 3 \u00e8me t\u00f4le o\u00f9 il y aura 14 pi\u00e9ces. <\/p>\n\n\n\n<p class=\"has-background has-large-font-size has-cyan-bluish-gray-background-color\">En conclusion suite a ces Calculs : <\/p>\n\n\n\n<p class=\"has-medium-font-size\"><strong>1er car nous trouvons <\/strong>: <br>3 t\u00f4les compl\u00e8te de 16 pi\u00e8ces par t\u00f4le ce qui nous donne<br>3 x 16 = 48 pi\u00e8ces <br>Il nous manque 2 pi\u00e8ces pour arriver \u00e0 50<br> Donc nous avons besoin d&rsquo;une t\u00f4le suppl\u00e9mentaire avec  2 pi\u00e8ces pour arriver \u00e0 50. <br><strong>Donc 4 t\u00f4les a commander pour le cas n\u00b01 <\/strong><br><br><strong>2 \u00e8me cas nous trouvons :<\/strong><br>2 t\u00f4les compl\u00e8te avec 18 pi\u00e8ces par t\u00f4le  donc<br> 18 x 2 = 36 <br>il nous manque 4 pi\u00e8ces pour arriver \u00e0 50 donc nous avons besoin d&rsquo;une t\u00f4le suppl\u00e9mentaire avec 4 pi\u00e8ces \u00e0 d\u00e9couper pour arriver a 50. <br><strong>Donc 3 t\u00f4le a commander pour le cas N\u00b02<\/strong><\/p>\n\n\n\n<p class=\"has-text-color has-background has-large-font-size has-very-dark-gray-color has-vivid-red-background-color\">En conclusion le cas n\u00b02 est plus avantageux 3 t\u00f4les \u00e0 commander. <\/p>\n\n\n\n<figure class=\"wp-block-image is-resized\"><img loading=\"lazy\" decoding=\"async\" src=\"http:\/\/alexandrewack.fr\/wp-content\/uploads\/2020\/03\/exercice-1024x693.jpg\" alt=\"\" class=\"wp-image-2153\" width=\"1450\" height=\"981\" srcset=\"http:\/\/alexandrewack.fr\/wp-content\/uploads\/2020\/03\/exercice-1024x693.jpg 1024w, http:\/\/alexandrewack.fr\/wp-content\/uploads\/2020\/03\/exercice-300x203.jpg 300w, http:\/\/alexandrewack.fr\/wp-content\/uploads\/2020\/03\/exercice-768x520.jpg 768w, http:\/\/alexandrewack.fr\/wp-content\/uploads\/2020\/03\/exercice.jpg 1766w\" sizes=\"auto, (max-width: 1450px) 100vw, 1450px\" \/><\/figure>\n","protected":false},"excerpt":{"rendered":"<p>S2.2: LES CONVENTIONS ET NORMES D\u2019EXPRESSIONS.C2.4: Etablir la feuille de d\u00e9bit d\u2019un ouvrage ou partie d\u2019ouvrage.C2.4.6: R\u00e9aliser la mise en t\u00f4le. 1-) OBJECTIF: a) C&rsquo;est d&rsquo;obtenir dans un format de t\u00f4le le maximum de pi\u00e8ce selon leurs orientation, en utilisant le cas \u00e9ch\u00e9ant les chutes. b) Calculer la surface de chute utilisable restante si le [&hellip;]<\/p>\n","protected":false},"author":1,"featured_media":0,"parent":2216,"menu_order":1,"comment_status":"closed","ping_status":"closed","template":"","meta":{"footnotes":""},"class_list":["post-2119","page","type-page","status-publish","hentry"],"_links":{"self":[{"href":"http:\/\/alexandrewack.fr\/index.php?rest_route=\/wp\/v2\/pages\/2119","targetHints":{"allow":["GET"]}}],"collection":[{"href":"http:\/\/alexandrewack.fr\/index.php?rest_route=\/wp\/v2\/pages"}],"about":[{"href":"http:\/\/alexandrewack.fr\/index.php?rest_route=\/wp\/v2\/types\/page"}],"author":[{"embeddable":true,"href":"http:\/\/alexandrewack.fr\/index.php?rest_route=\/wp\/v2\/users\/1"}],"replies":[{"embeddable":true,"href":"http:\/\/alexandrewack.fr\/index.php?rest_route=%2Fwp%2Fv2%2Fcomments&post=2119"}],"version-history":[{"count":30,"href":"http:\/\/alexandrewack.fr\/index.php?rest_route=\/wp\/v2\/pages\/2119\/revisions"}],"predecessor-version":[{"id":2254,"href":"http:\/\/alexandrewack.fr\/index.php?rest_route=\/wp\/v2\/pages\/2119\/revisions\/2254"}],"up":[{"embeddable":true,"href":"http:\/\/alexandrewack.fr\/index.php?rest_route=\/wp\/v2\/pages\/2216"}],"wp:attachment":[{"href":"http:\/\/alexandrewack.fr\/index.php?rest_route=%2Fwp%2Fv2%2Fmedia&parent=2119"}],"curies":[{"name":"wp","href":"https:\/\/api.w.org\/{rel}","templated":true}]}}