{"id":1776,"date":"2017-11-09T21:15:40","date_gmt":"2017-11-09T21:15:40","guid":{"rendered":"http:\/\/alexandrewack.fr\/?page_id=1776"},"modified":"2017-11-09T21:15:40","modified_gmt":"2017-11-09T21:15:40","slug":"tonnelle-de-jardin-2017","status":"publish","type":"page","link":"http:\/\/alexandrewack.fr\/?page_id=1776","title":{"rendered":"Tonnelle de jardin 2017"},"content":{"rendered":"<h1 style=\"text-align: center;\">Tonnelle r\u00e9alis\u00e9e avec une Top \u00e9quipes d&rsquo;\u00e9l\u00e8ves !!!<\/h1>\n<p><img loading=\"lazy\" decoding=\"async\" class=\"aligncenter  wp-image-1777\" src=\"http:\/\/alexandrewack.fr\/wp-content\/uploads\/2017\/11\/DSC_0836-300x200.jpg\" alt=\"\" width=\"443\" height=\"295\" srcset=\"http:\/\/alexandrewack.fr\/wp-content\/uploads\/2017\/11\/DSC_0836-300x200.jpg 300w, http:\/\/alexandrewack.fr\/wp-content\/uploads\/2017\/11\/DSC_0836-768x512.jpg 768w, http:\/\/alexandrewack.fr\/wp-content\/uploads\/2017\/11\/DSC_0836.jpg 1024w\" sizes=\"auto, (max-width: 443px) 100vw, 443px\" \/><\/p>\n<p><img loading=\"lazy\" decoding=\"async\" class=\"aligncenter  wp-image-1779\" src=\"http:\/\/alexandrewack.fr\/wp-content\/uploads\/2017\/11\/DSC_0839-300x200.jpg\" alt=\"\" width=\"455\" height=\"303\" srcset=\"http:\/\/alexandrewack.fr\/wp-content\/uploads\/2017\/11\/DSC_0839-300x200.jpg 300w, http:\/\/alexandrewack.fr\/wp-content\/uploads\/2017\/11\/DSC_0839-768x512.jpg 768w, http:\/\/alexandrewack.fr\/wp-content\/uploads\/2017\/11\/DSC_0839.jpg 1024w\" sizes=\"auto, (max-width: 455px) 100vw, 455px\" \/><\/p>\n","protected":false},"excerpt":{"rendered":"<p>Tonnelle r\u00e9alis\u00e9e avec une Top \u00e9quipes d&rsquo;\u00e9l\u00e8ves !!!<\/p>\n","protected":false},"author":1,"featured_media":0,"parent":118,"menu_order":0,"comment_status":"closed","ping_status":"closed","template":"","meta":{"footnotes":""},"class_list":["post-1776","page","type-page","status-publish","hentry"],"_links":{"self":[{"href":"http:\/\/alexandrewack.fr\/index.php?rest_route=\/wp\/v2\/pages\/1776","targetHints":{"allow":["GET"]}}],"collection":[{"href":"http:\/\/alexandrewack.fr\/index.php?rest_route=\/wp\/v2\/pages"}],"about":[{"href":"http:\/\/alexandrewack.fr\/index.php?rest_route=\/wp\/v2\/types\/page"}],"author":[{"embeddable":true,"href":"http:\/\/alexandrewack.fr\/index.php?rest_route=\/wp\/v2\/users\/1"}],"replies":[{"embeddable":true,"href":"http:\/\/alexandrewack.fr\/index.php?rest_route=%2Fwp%2Fv2%2Fcomments&post=1776"}],"version-history":[{"count":1,"href":"http:\/\/alexandrewack.fr\/index.php?rest_route=\/wp\/v2\/pages\/1776\/revisions"}],"predecessor-version":[{"id":1780,"href":"http:\/\/alexandrewack.fr\/index.php?rest_route=\/wp\/v2\/pages\/1776\/revisions\/1780"}],"up":[{"embeddable":true,"href":"http:\/\/alexandrewack.fr\/index.php?rest_route=\/wp\/v2\/pages\/118"}],"wp:attachment":[{"href":"http:\/\/alexandrewack.fr\/index.php?rest_route=%2Fwp%2Fv2%2Fmedia&parent=1776"}],"curies":[{"name":"wp","href":"https:\/\/api.w.org\/{rel}","templated":true}]}}