{"id":175,"date":"2012-03-18T21:58:37","date_gmt":"2012-03-18T21:58:37","guid":{"rendered":"http:\/\/alexandrewack.fr\/?page_id=175"},"modified":"2012-03-19T22:28:25","modified_gmt":"2012-03-19T22:28:25","slug":"mange-debout","status":"publish","type":"page","link":"http:\/\/alexandrewack.fr\/?page_id=175","title":{"rendered":"Mange debout"},"content":{"rendered":"<h1 style=\"text-align: center;\">Mange debout r\u00e9alis\u00e9, en t\u00f4le de 4 mm et en tube.<\/h1>\n<p style=\"text-align: center;\"><a href=\"http:\/\/alexandrewack.fr\/wp-content\/uploads\/2012\/03\/table-n\u00b01.jpg\"><img loading=\"lazy\" decoding=\"async\" class=\"aligncenter size-medium wp-image-213\" title=\"table n\u00b01\" src=\"http:\/\/alexandrewack.fr\/wp-content\/uploads\/2012\/03\/table-n\u00b01-288x300.jpg\" alt=\"\" width=\"288\" height=\"300\" \/><\/a><\/p>\n<p style=\"text-align: center;\">\u00a0<strong style=\"text-align: center;\">les plans de la r\u00e9alisation:\u00a0<\/strong><\/p>\n<p style=\"text-align: center;\"><a href=\"http:\/\/alexandrewack.files.wordpress.com\/2011\/06\/plans-table-philippe.pdf\">plans table<\/a><\/p>\n<p style=\"text-align: center;\"><a href=\"http:\/\/alexandrewack.fr\/wp-content\/uploads\/2012\/03\/IMAG11031.jpg\"><img loading=\"lazy\" decoding=\"async\" class=\"aligncenter size-thumbnail wp-image-215\" title=\"IMAG1103\" src=\"http:\/\/alexandrewack.fr\/wp-content\/uploads\/2012\/03\/IMAG11031-290x290.jpg\" alt=\"\" width=\"290\" height=\"290\" \/><\/a><\/p>\n","protected":false},"excerpt":{"rendered":"<p>Mange debout r\u00e9alis\u00e9, en t\u00f4le de 4 mm et en tube. \u00a0les plans de la r\u00e9alisation:\u00a0 plans table<\/p>\n","protected":false},"author":1,"featured_media":0,"parent":173,"menu_order":0,"comment_status":"open","ping_status":"open","template":"","meta":{"footnotes":""},"class_list":["post-175","page","type-page","status-publish","hentry"],"_links":{"self":[{"href":"http:\/\/alexandrewack.fr\/index.php?rest_route=\/wp\/v2\/pages\/175","targetHints":{"allow":["GET"]}}],"collection":[{"href":"http:\/\/alexandrewack.fr\/index.php?rest_route=\/wp\/v2\/pages"}],"about":[{"href":"http:\/\/alexandrewack.fr\/index.php?rest_route=\/wp\/v2\/types\/page"}],"author":[{"embeddable":true,"href":"http:\/\/alexandrewack.fr\/index.php?rest_route=\/wp\/v2\/users\/1"}],"replies":[{"embeddable":true,"href":"http:\/\/alexandrewack.fr\/index.php?rest_route=%2Fwp%2Fv2%2Fcomments&post=175"}],"version-history":[{"count":5,"href":"http:\/\/alexandrewack.fr\/index.php?rest_route=\/wp\/v2\/pages\/175\/revisions"}],"predecessor-version":[{"id":216,"href":"http:\/\/alexandrewack.fr\/index.php?rest_route=\/wp\/v2\/pages\/175\/revisions\/216"}],"up":[{"embeddable":true,"href":"http:\/\/alexandrewack.fr\/index.php?rest_route=\/wp\/v2\/pages\/173"}],"wp:attachment":[{"href":"http:\/\/alexandrewack.fr\/index.php?rest_route=%2Fwp%2Fv2%2Fmedia&parent=175"}],"curies":[{"name":"wp","href":"https:\/\/api.w.org\/{rel}","templated":true}]}}