{"id":1714,"date":"2017-02-08T22:55:24","date_gmt":"2017-02-08T22:55:24","guid":{"rendered":"http:\/\/alexandrewack.fr\/?page_id=1714"},"modified":"2017-02-08T23:25:15","modified_gmt":"2017-02-08T23:25:15","slug":"cintreuse-a-tube-type-virax","status":"publish","type":"page","link":"http:\/\/alexandrewack.fr\/?page_id=1714","title":{"rendered":"Cintreuse \u00e0 tube type VIRAX"},"content":{"rendered":"<h1 style=\"text-align: center;\"><b>C<\/b>intreuse \u00e0 tube type VIRAX<\/h1>\n<p><a href=\"http:\/\/alexandrewack.fr\/wp-content\/uploads\/2017\/02\/la-cintreuse-Virax.pdf\"><img loading=\"lazy\" decoding=\"async\" class=\"aligncenter size-full wp-image-1720\" src=\"http:\/\/alexandrewack.fr\/wp-content\/uploads\/2017\/02\/t\u00e9l\u00e9chargement.jpg\" alt=\"t\u00e9l\u00e9chargement\" width=\"207\" height=\"244\" \/><\/a><\/p>\n<p style=\"text-align: center;\"><a href=\"http:\/\/alexandrewack.fr\/wp-content\/uploads\/2017\/02\/la-cintreuse-Virax.pdf\">Clic sur l&rsquo;image\u00a0<\/a><\/p>\n<h3><u>1 &#8211; 1 &#8211; Principe de fonctionnement<\/u><\/h3>\n<p>Le tube appuie sur deux galets \u00e0 gorge. Une forme \u00e0 gorge, appel\u00e9e sabot, exerce une force perpendiculairement au milieu du segment de droite qui joindrait les deux galets \u00e0 gorge.<\/p>\n<p>Les galets sont \u00e0 \u00e9cartement fixe pendant le cintrage, mais variable suivant le rayon de cintrage \u00e0 obtenir en fonction du \u00d8 du tube \u00e0 cintrer. Pendant le cintrage, ils pivotent chacun autour d&rsquo;un axe.<\/p>\n<h3><\/h3>\n<h3 style=\"text-align: center;\">\n1-2\u00a0<a href=\"http:\/\/alexandrewack.fr\/wp-content\/uploads\/2017\/02\/Mode-op\u00e9ratoire.pdf\">Mode op\u00e9ratoire<\/a><\/p>\n<p><iframe loading=\"lazy\" src=\"https:\/\/www.youtube.com\/embed\/h4Sug18p1FM\" width=\"560\" height=\"315\" frameborder=\"0\" allowfullscreen=\"allowfullscreen\"><\/iframe><\/h3>\n","protected":false},"excerpt":{"rendered":"<p>Cintreuse \u00e0 tube type VIRAX Clic sur l&rsquo;image\u00a0 1 &#8211; 1 &#8211; Principe de fonctionnement Le tube appuie sur deux galets \u00e0 gorge. Une forme \u00e0 gorge, appel\u00e9e sabot, exerce une force perpendiculairement au milieu du segment de droite qui joindrait les deux galets \u00e0 gorge. Les galets sont \u00e0 \u00e9cartement fixe pendant le cintrage, [&hellip;]<\/p>\n","protected":false},"author":1,"featured_media":0,"parent":1275,"menu_order":9,"comment_status":"closed","ping_status":"closed","template":"","meta":{"footnotes":""},"class_list":["post-1714","page","type-page","status-publish","hentry"],"_links":{"self":[{"href":"http:\/\/alexandrewack.fr\/index.php?rest_route=\/wp\/v2\/pages\/1714","targetHints":{"allow":["GET"]}}],"collection":[{"href":"http:\/\/alexandrewack.fr\/index.php?rest_route=\/wp\/v2\/pages"}],"about":[{"href":"http:\/\/alexandrewack.fr\/index.php?rest_route=\/wp\/v2\/types\/page"}],"author":[{"embeddable":true,"href":"http:\/\/alexandrewack.fr\/index.php?rest_route=\/wp\/v2\/users\/1"}],"replies":[{"embeddable":true,"href":"http:\/\/alexandrewack.fr\/index.php?rest_route=%2Fwp%2Fv2%2Fcomments&post=1714"}],"version-history":[{"count":5,"href":"http:\/\/alexandrewack.fr\/index.php?rest_route=\/wp\/v2\/pages\/1714\/revisions"}],"predecessor-version":[{"id":1724,"href":"http:\/\/alexandrewack.fr\/index.php?rest_route=\/wp\/v2\/pages\/1714\/revisions\/1724"}],"up":[{"embeddable":true,"href":"http:\/\/alexandrewack.fr\/index.php?rest_route=\/wp\/v2\/pages\/1275"}],"wp:attachment":[{"href":"http:\/\/alexandrewack.fr\/index.php?rest_route=%2Fwp%2Fv2%2Fmedia&parent=1714"}],"curies":[{"name":"wp","href":"https:\/\/api.w.org\/{rel}","templated":true}]}}