{"id":1307,"date":"2015-03-26T22:07:54","date_gmt":"2015-03-26T22:07:54","guid":{"rendered":"http:\/\/alexandrewack.fr\/?page_id=1307"},"modified":"2017-12-19T10:22:56","modified_gmt":"2017-12-19T10:22:56","slug":"poinconneuse-cisaille-ims-y60","status":"publish","type":"page","link":"http:\/\/alexandrewack.fr\/?page_id=1307","title":{"rendered":"Poin\u00e7onneuse Cisaille IMS Y60"},"content":{"rendered":"<h1 style=\"text-align: center;\">TUTOS VIDEOS<\/h1>\n<h3>\u00a0Mise sous tension:<\/h3>\n<p style=\"text-align: center;\"><iframe loading=\"lazy\" src=\"https:\/\/www.youtube.com\/embed\/OOvNW4GGkBw\" width=\"560\" height=\"315\" frameborder=\"0\" allowfullscreen=\"allowfullscreen\"><\/iframe><\/p>\n<hr \/>\n<h3>Arr\u00eat d&rsquo;urgence :<\/h3>\n<p>Si la machine ne d\u00e9marre pas, v\u00e9rifier que personne ne les a percuter.<\/p>\n<p style=\"text-align: center;\"><iframe loading=\"lazy\" src=\"https:\/\/www.youtube.com\/embed\/7SZRvvHxrHU\" width=\"560\" height=\"315\" frameborder=\"0\" allowfullscreen=\"allowfullscreen\"><\/iframe><\/p>\n<hr \/>\n<h3>\u00a0Montage poin\u00e7on:<\/h3>\n<p style=\"text-align: center;\"><iframe loading=\"lazy\" src=\"https:\/\/www.youtube.com\/embed\/1I41L547Ld0\" width=\"560\" height=\"315\" frameborder=\"0\" allowfullscreen=\"allowfullscreen\"><\/iframe><\/p>\n<hr \/>\n<h3 style=\"text-align: left;\">Montage de la matrice:<\/h3>\n<p style=\"text-align: center;\"><iframe loading=\"lazy\" src=\"https:\/\/www.youtube.com\/embed\/jkkZnWnZAAk\" width=\"560\" height=\"315\" frameborder=\"0\" allowfullscreen=\"allowfullscreen\"><\/iframe><\/p>\n<hr \/>\n<h3>Mise en fonction de la but\u00e9e automatique.<\/h3>\n<p style=\"text-align: center;\"><iframe loading=\"lazy\" src=\"https:\/\/www.youtube.com\/embed\/5muKxbFEOkM\" width=\"560\" height=\"315\" frameborder=\"0\" allowfullscreen=\"allowfullscreen\"><\/iframe><\/p>\n<hr \/>\n<h3>\u00a0Tutoriel r\u00e9alis\u00e9 par un \u00e9l\u00e8ve:<\/h3>\n<h3 style=\"text-align: center;\"><iframe loading=\"lazy\" src=\"https:\/\/www.youtube.com\/embed\/hcLkR0U6Mxg\" width=\"560\" height=\"315\" frameborder=\"0\" allowfullscreen=\"allowfullscreen\"><\/iframe><\/h3>\n<h2>Le cours complet :<\/h2>\n<p style=\"text-align: center;\"><iframe loading=\"lazy\" id=\"iframe_container\" src=\"https:\/\/prezi.com\/embed\/gvvyltxcswyd\/?bgcolor=ffffff&amp;lock_to_path=0&amp;autoplay=0&amp;autohide_ctrls=0&amp;landing_data=bHVZZmNaNDBIWkRDVE93YVVDTVN5dWF2eDNlZVpKZTFMV2R1YXI5cXQ5eC95dnFsNUFsbzYzalAyYjFPdlpwZCsrUFEyY289&amp;landing_sign=ZFQ43ia5s4tHqZzNxluEcnNbP9AnkmzyAwLDGTEwUXU\" width=\"550\" height=\"400\" frameborder=\"0\" allowfullscreen=\"allowfullscreen\"><\/iframe><\/p>\n","protected":false},"excerpt":{"rendered":"<p>TUTOS VIDEOS \u00a0Mise sous tension: Arr\u00eat d&rsquo;urgence : Si la machine ne d\u00e9marre pas, v\u00e9rifier que personne ne les a percuter. \u00a0Montage poin\u00e7on: Montage de la matrice: Mise en fonction de la but\u00e9e automatique. \u00a0Tutoriel r\u00e9alis\u00e9 par un \u00e9l\u00e8ve: Le cours complet :<\/p>\n","protected":false},"author":1,"featured_media":0,"parent":1275,"menu_order":2,"comment_status":"closed","ping_status":"open","template":"","meta":{"footnotes":""},"class_list":["post-1307","page","type-page","status-publish","hentry"],"_links":{"self":[{"href":"http:\/\/alexandrewack.fr\/index.php?rest_route=\/wp\/v2\/pages\/1307","targetHints":{"allow":["GET"]}}],"collection":[{"href":"http:\/\/alexandrewack.fr\/index.php?rest_route=\/wp\/v2\/pages"}],"about":[{"href":"http:\/\/alexandrewack.fr\/index.php?rest_route=\/wp\/v2\/types\/page"}],"author":[{"embeddable":true,"href":"http:\/\/alexandrewack.fr\/index.php?rest_route=\/wp\/v2\/users\/1"}],"replies":[{"embeddable":true,"href":"http:\/\/alexandrewack.fr\/index.php?rest_route=%2Fwp%2Fv2%2Fcomments&post=1307"}],"version-history":[{"count":14,"href":"http:\/\/alexandrewack.fr\/index.php?rest_route=\/wp\/v2\/pages\/1307\/revisions"}],"predecessor-version":[{"id":1851,"href":"http:\/\/alexandrewack.fr\/index.php?rest_route=\/wp\/v2\/pages\/1307\/revisions\/1851"}],"up":[{"embeddable":true,"href":"http:\/\/alexandrewack.fr\/index.php?rest_route=\/wp\/v2\/pages\/1275"}],"wp:attachment":[{"href":"http:\/\/alexandrewack.fr\/index.php?rest_route=%2Fwp%2Fv2%2Fmedia&parent=1307"}],"curies":[{"name":"wp","href":"https:\/\/api.w.org\/{rel}","templated":true}]}}