{"id":1186,"date":"2014-11-10T10:52:39","date_gmt":"2014-11-10T10:52:39","guid":{"rendered":"http:\/\/alexandrewack.fr\/?page_id=1186"},"modified":"2019-12-15T17:08:14","modified_gmt":"2019-12-15T17:08:14","slug":"mes-liens","status":"publish","type":"page","link":"http:\/\/alexandrewack.fr\/?page_id=1186","title":{"rendered":"Mes Liens"},"content":{"rendered":"<h3>Liens li\u00e9s \u00e0 la m\u00e9tallerie:<\/h3>\n<p>&#8211;&nbsp;<a href=\"http:\/\/www.soudeurs.com\/usercp.php\" target=\"_blank\" rel=\"noopener noreferrer\">http:\/\/www.soudeurs.com\/usercp.php<\/a><\/p>\n<p>&#8211; <a href=\"http:\/\/tspeed.free.fr\/\" target=\"_blank\" rel=\"noopener noreferrer\">la souris chaudronneuse&nbsp;<\/a><\/p>\n<p>&#8211; Le tra\u00e7age en Chaudronnerie: &nbsp;<a href=\"http:\/\/roger.speranza.free.fr\/\">http:\/\/roger.speranza.free.fr\/<\/a><\/p>\n<p>&#8211;&nbsp;CALCUL D&rsquo;UNE POUTRE A LA FLEXION:&nbsp;<a href=\"http:\/\/jean.lamaison.perso.neuf.fr\/flexion.html\">http:\/\/jean.lamaison.perso.neuf.fr\/flexion.html<\/a><\/p>\n<p>&#8211;<\/p>\n<h3>Construction de cours:<\/h3>\n<div class=\"box\"><a href=\"http:\/\/hubic.com\/home\/\">Transfert de fichier lourd<\/a>&nbsp;Hubic<br \/>\n<a href=\"https:\/\/hubic.com\/home\/\">Q<\/a><a href=\"http:\/\/www.blubbr.tv\/\">uestionnaire vid\u00e9o<\/a>&nbsp;Youtube<br \/>\n<a href=\"http:\/\/doodle.com\/fr\/\">Outils de planification<\/a>&nbsp;Doodle<br \/>\n<a href=\"https:\/\/www.classdojo.com\/\">Gestion de classe.<\/a>&nbsp;ClassDojo<strong>Android<\/strong>:<\/div>\n<div class=\"box\"><a title=\"AirDroid\" href=\"https:\/\/play.google.com\/store\/apps\/details?id=com.sand.airdroid&amp;hl=fr\" target=\"_blank\" rel=\"noopener noreferrer\">AirDroid<\/a>&nbsp;: permet d\u2019interagir avec la tablette depuis un PC sans c\u00e2ble ou connexion physique (d\u00e9placement de fichiers, prise de photos, localisation, verrouillage\u2026)<\/div>\n<div class=\"box\"><a title=\"QR Droid&#x2122; (Fran\u00e7ais)\" href=\"https:\/\/play.google.com\/store\/apps\/details?id=la.droid.qr&amp;hl=fr\" target=\"_blank\" rel=\"noopener noreferrer\">QR Droid&#x2122;<\/a>&nbsp;: lecteur et g\u00e9n\u00e9rateur de QR Codes.<\/div>\n<div class=\"box\"><a title=\"SuperBeam | WiFi Direct Share\" href=\"https:\/\/play.google.com\/store\/apps\/details?id=com.majedev.superbeam&amp;hl=fr\" target=\"_blank\" rel=\"noopener noreferrer\">SuperBeam | WiFi Direct Share<\/a>&nbsp;: permet d\u2019\u00e9changer des fichiers entre tablettes sans c\u00e2ble ou connexion physique, en passant par le r\u00e9seau wifi.<\/div>\n<div class=\"box\"><a title=\"Socrative Teacher\" href=\"https:\/\/play.google.com\/store\/apps\/details?id=com.socrative.teacher&amp;hl=fr\" target=\"_blank\" rel=\"noopener noreferrer\">Socrative<\/a>&nbsp;: permet \u00e0 l\u2019enseignant de cr\u00e9er des QCM et quizz \u00e9ducatifs, dont les questions s\u2019affichent sur les \u00e9crans des tablettes des \u00e9l\u00e8ves synchronis\u00e9es \u00e0 l\u2019application. Leurs r\u00e9ponses sont directement transmises sur l\u2019application de l\u2019enseignant pour un traitement individuel.<\/div>\n<div class=\"box\"><a title=\"Edmodo\" href=\"https:\/\/play.google.com\/store\/apps\/details?id=com.fusionprojects.edmodo&amp;hl=fr\" target=\"_blank\" rel=\"noopener noreferrer\">Edmodo<\/a>&nbsp;: r\u00e9seau de travail collaboratif entre enseignants et \u00e9l\u00e8ves, avec des fonctions de partage de fichiers et de ressources p\u00e9dagogiques, de discussions s\u00e9curis\u00e9es et de suivi de progression des \u00e9l\u00e8ves.<\/div>\n<div class=\"box\"><a title=\"App Defender (App Lock)\" href=\"https:\/\/play.google.com\/store\/apps\/details?id=jp.co.telemarks.security.appguard\" target=\"_blank\" rel=\"noopener noreferrer\">App Defender (App Lock)<\/a>&nbsp;: permet de d\u00e9finir un mot de passe sp\u00e9cifique pour chaque application de la tablette.<\/div>\n<div class=\"box\">\n<p><strong>Application :<\/strong><\/p>\n<pre><a href=\"http:\/\/khuube.com\/fra\/\" target=\"_blank\" rel=\"noopener noreferrer\">Khuube<\/a>: pour les r\u00e9visions.Est une application qui fiche automatiquement \ntes cours et qui t'interroge dessus avec des textes \u00e0 trous<\/pre>\n<p><strong>G\u00e9n\u00e9rateur de QR Code :<\/strong><br \/>\n&#8211;&nbsp;<a href=\"http:\/\/fr.qr-code-generator.com\/#info_dynamisch\" target=\"_blank\" rel=\"noopener noreferrer\">QR code Generator<\/a><br \/>\n&#8211; U<a href=\"https:\/\/www.unitag.io\/fr\/qrcode?utm_expid=76330549-15.GBatwXAbSQSHLCGnA-ZW8g.0&amp;utm_referrer=https%3A%2F%2Fwww.google.fr%2F\" target=\"_blank\" rel=\"noopener noreferrer\">nitag QR<\/a><\/p>\n<p><strong>Mapping:&nbsp;<\/strong><\/p>\n<p>&#8211; <a href=\"https:\/\/coggle.it\/\" target=\"_blank\" rel=\"noopener noreferrer\">Coggle<\/a><br \/>\n&#8211; <a href=\"http:\/\/www.xmind.net\/\" target=\"_blank\" rel=\"noopener noreferrer\">Xmind&nbsp;<\/a><br \/>\n&#8211; <a href=\"http:\/\/freemind.softonic.fr\/\" target=\"_blank\" rel=\"noopener noreferrer\">FreeMind<\/a><br \/>\n&#8211; <a href=\"http:\/\/freeplane.softonic.fr\/\" target=\"_blank\" rel=\"noopener noreferrer\">FreePlane<\/a><\/p>\n<p><strong>Outils de pr\u00e9sentation: <\/strong><br \/>\n&#8211;&nbsp;<a href=\"http:\/\/prezi.com\/\" target=\"_blank\" rel=\"noopener noreferrer\">Prezi<\/a>.<br \/>\n&#8211; <a href=\"http:\/\/www.powtoon.com\/\" target=\"_blank\" rel=\"noopener noreferrer\">powtoon.com<\/a>&nbsp;(BD anim\u00e9e)<br \/>\n<strong>Jeux s\u00e9rieux :<\/strong><br \/>\n<a href=\"http:\/\/www.ludiscape.com\/\" target=\"_blank\" rel=\"noopener noreferrer\">&#8211;&nbsp;http:\/\/www.ludiscape.com\/<\/a><\/p>\n<\/div>\n<p>&nbsp;<\/p>\n<p>&nbsp;<\/p>\n","protected":false},"excerpt":{"rendered":"<p>Liens li\u00e9s \u00e0 la m\u00e9tallerie: &#8211;&nbsp;http:\/\/www.soudeurs.com\/usercp.php &#8211; la souris chaudronneuse&nbsp; &#8211; Le tra\u00e7age en Chaudronnerie: &nbsp;http:\/\/roger.speranza.free.fr\/ &#8211;&nbsp;CALCUL D&rsquo;UNE POUTRE A LA FLEXION:&nbsp;http:\/\/jean.lamaison.perso.neuf.fr\/flexion.html &#8211; Construction de cours: Transfert de fichier lourd&nbsp;Hubic Questionnaire vid\u00e9o&nbsp;Youtube Outils de planification&nbsp;Doodle Gestion de classe.&nbsp;ClassDojoAndroid: AirDroid&nbsp;: permet d\u2019interagir avec la tablette depuis un PC sans c\u00e2ble ou connexion physique (d\u00e9placement de fichiers, [&hellip;]<\/p>\n","protected":false},"author":1,"featured_media":0,"parent":73,"menu_order":4,"comment_status":"closed","ping_status":"open","template":"","meta":{"footnotes":""},"class_list":["post-1186","page","type-page","status-publish","hentry"],"_links":{"self":[{"href":"http:\/\/alexandrewack.fr\/index.php?rest_route=\/wp\/v2\/pages\/1186","targetHints":{"allow":["GET"]}}],"collection":[{"href":"http:\/\/alexandrewack.fr\/index.php?rest_route=\/wp\/v2\/pages"}],"about":[{"href":"http:\/\/alexandrewack.fr\/index.php?rest_route=\/wp\/v2\/types\/page"}],"author":[{"embeddable":true,"href":"http:\/\/alexandrewack.fr\/index.php?rest_route=\/wp\/v2\/users\/1"}],"replies":[{"embeddable":true,"href":"http:\/\/alexandrewack.fr\/index.php?rest_route=%2Fwp%2Fv2%2Fcomments&post=1186"}],"version-history":[{"count":17,"href":"http:\/\/alexandrewack.fr\/index.php?rest_route=\/wp\/v2\/pages\/1186\/revisions"}],"predecessor-version":[{"id":2060,"href":"http:\/\/alexandrewack.fr\/index.php?rest_route=\/wp\/v2\/pages\/1186\/revisions\/2060"}],"up":[{"embeddable":true,"href":"http:\/\/alexandrewack.fr\/index.php?rest_route=\/wp\/v2\/pages\/73"}],"wp:attachment":[{"href":"http:\/\/alexandrewack.fr\/index.php?rest_route=%2Fwp%2Fv2%2Fmedia&parent=1186"}],"curies":[{"name":"wp","href":"https:\/\/api.w.org\/{rel}","templated":true}]}}