{"id":1053,"date":"2014-05-15T10:05:30","date_gmt":"2014-05-15T10:05:30","guid":{"rendered":"http:\/\/alexandrewack.fr\/?page_id=1053"},"modified":"2014-05-15T10:22:00","modified_gmt":"2014-05-15T10:22:00","slug":"les-video","status":"publish","type":"page","link":"http:\/\/alexandrewack.fr\/?page_id=1053","title":{"rendered":"les vid\u00e9os"},"content":{"rendered":"<h3>Oxycoupage:<\/h3>\n<p><iframe loading=\"lazy\" src=\"\/\/www.dailymotion.com\/embed\/video\/xc2tog\" height=\"270\" width=\"480\" allowfullscreen=\"\" frameborder=\"0\"><\/iframe><br \/>\n<a href=\"http:\/\/www.dailymotion.com\/video\/xc2tog_technique-d-oxycoupage-avec-l-o%C2%B2-fu_tech\" target=\"_blank\">Technique d&rsquo;oxycoupage avec l&rsquo;O\u00b2 Fusion Systeme&#8230;<\/a> <i>par <a href=\"http:\/\/www.dailymotion.com\/oulanick\" target=\"_blank\">oulanick<\/a><\/i><\/p>\n<h3><\/h3>\n<h3>D\u00e9coupe Laser:<\/h3>\n<p><iframe loading=\"lazy\" src=\"\/\/www.dailymotion.com\/embed\/video\/xvg9jm\" height=\"270\" width=\"480\" allowfullscreen=\"\" frameborder=\"0\"><\/iframe><br \/>\n<a href=\"http:\/\/www.dailymotion.com\/video\/xvg9jm_vigas-de-acero-taladradas_tech\" target=\"_blank\">vigas de acero taladradas<\/a> <i>par <a href=\"http:\/\/www.dailymotion.com\/cmmlaser\" target=\"_blank\">cmmlaser<\/a><\/i><\/p>\n<h3>D\u00e9coupe laser sur tube:<\/h3>\n<p><iframe loading=\"lazy\" src=\"\/\/www.dailymotion.com\/embed\/video\/xsqdq3\" height=\"270\" width=\"480\" allowfullscreen=\"\" frameborder=\"0\"><\/iframe><br \/>\n<a href=\"http:\/\/www.dailymotion.com\/video\/xsqdq3_laserschneiden-von-rohren-fur-konstruktionen_tech\" target=\"_blank\">Laserschneiden von Rohren f\u00fcr Konstruktionen<\/a> <i>par <a href=\"http:\/\/www.dailymotion.com\/cmmlaser\" target=\"_blank\">cmmlaser<\/a><\/i><\/p>\n<h3>D\u00e9coupe jet d&rsquo;eau:<\/h3>\n<p><iframe loading=\"lazy\" src=\"\/\/www.dailymotion.com\/embed\/video\/x94ti4\" height=\"270\" width=\"480\" allowfullscreen=\"\" frameborder=\"0\"><\/iframe><br \/>\n<a href=\"http:\/\/www.dailymotion.com\/video\/x94ti4_decoupe-jet-d-eau-3d-flow-6000-bars_tech\" target=\"_blank\">D\u00e9coupe jet d&rsquo;eau 3D Flow 6000 bars<\/a> <i>par <a href=\"http:\/\/www.dailymotion.com\/FlowFrance\" target=\"_blank\">FlowFrance<\/a><\/i><\/p>\n<p>&nbsp;<\/p>\n<p>&nbsp;<\/p>\n","protected":false},"excerpt":{"rendered":"<p>Oxycoupage: Technique d&rsquo;oxycoupage avec l&rsquo;O\u00b2 Fusion Systeme&#8230; par oulanick D\u00e9coupe Laser: vigas de acero taladradas par cmmlaser D\u00e9coupe laser sur tube: Laserschneiden von Rohren f\u00fcr Konstruktionen par cmmlaser D\u00e9coupe jet d&rsquo;eau: D\u00e9coupe jet d&rsquo;eau 3D Flow 6000 bars par FlowFrance &nbsp; &nbsp;<\/p>\n","protected":false},"author":1,"featured_media":0,"parent":1043,"menu_order":0,"comment_status":"closed","ping_status":"open","template":"","meta":{"footnotes":""},"class_list":["post-1053","page","type-page","status-publish","hentry"],"_links":{"self":[{"href":"http:\/\/alexandrewack.fr\/index.php?rest_route=\/wp\/v2\/pages\/1053","targetHints":{"allow":["GET"]}}],"collection":[{"href":"http:\/\/alexandrewack.fr\/index.php?rest_route=\/wp\/v2\/pages"}],"about":[{"href":"http:\/\/alexandrewack.fr\/index.php?rest_route=\/wp\/v2\/types\/page"}],"author":[{"embeddable":true,"href":"http:\/\/alexandrewack.fr\/index.php?rest_route=\/wp\/v2\/users\/1"}],"replies":[{"embeddable":true,"href":"http:\/\/alexandrewack.fr\/index.php?rest_route=%2Fwp%2Fv2%2Fcomments&post=1053"}],"version-history":[{"count":5,"href":"http:\/\/alexandrewack.fr\/index.php?rest_route=\/wp\/v2\/pages\/1053\/revisions"}],"predecessor-version":[{"id":1058,"href":"http:\/\/alexandrewack.fr\/index.php?rest_route=\/wp\/v2\/pages\/1053\/revisions\/1058"}],"up":[{"embeddable":true,"href":"http:\/\/alexandrewack.fr\/index.php?rest_route=\/wp\/v2\/pages\/1043"}],"wp:attachment":[{"href":"http:\/\/alexandrewack.fr\/index.php?rest_route=%2Fwp%2Fv2%2Fmedia&parent=1053"}],"curies":[{"name":"wp","href":"https:\/\/api.w.org\/{rel}","templated":true}]}}